{"id":113,"date":"2015-09-10T07:35:06","date_gmt":"2015-09-10T07:35:06","guid":{"rendered":"http:\/\/facultysites.etown.edu\/dursuno\/?page_id=113"},"modified":"2024-09-12T18:36:49","modified_gmt":"2024-09-12T18:36:49","slug":"publications","status":"publish","type":"page","link":"https:\/\/facultysites.etown.edu\/dursuno\/publications\/","title":{"rendered":"Publications"},"content":{"rendered":"<p><strong><u>Books and Edited Volumes (Peer reviewed)<\/u><\/strong><\/p>\n<p><em>T<\/em><em>\u00fc<\/em><em>rkiye\u2014Bat\u0131<\/em> <em>\u0130li\u015f<\/em><em>kileri<\/em><em>: \u0130ttifak \u0130\u00e7i Muhalefet Politika<\/em><em>lar<\/em><em>\u0131<\/em>. August 2023, Istanbul: Ko\u00e7 University Press (Turkish translation of <em>Turkey\u2014West Relations<\/em>).<\/p>\n<p><a href=\"https:\/\/doi.org\/10.5334\/bcm\"><em>The Nexus Between Security Sector Reform\/Governance and Sustainable Development Goal-16: An Examination of Conceptual Linkages and Policy Recommendations<\/em><\/a>. Geneva Centre for Security Sector Governance (DCAF) SSR Paper 20. DOI: https:\/\/doi.org\/10.5334\/bcm. 2021, London: Ubiquity Press.<\/p>\n<p><a href=\"https:\/\/www.cambridge.org\/core\/books\/turkeywest-relations\/B7BA02FDC15C2178EB211D5BB51648AA\"><em>Turkey\u2014West Relations: The Politics of Intra-alliance Opposition<\/em><\/a>. November 2019, Cambridge: Cambridge University Press.<\/p>\n<p><a href=\"https:\/\/www.routledge.com\/External-Interventions-in-Civil-Wars-The-Role-and-Impact-of-Regional-and\/Wolff-Dursun--Ozkanca\/p\/book\/9780415711449\"><em>External Interventions in Civil Wars: Assessing the Role and Impact of Regional and International Organisations<\/em><\/a>\u00a0(2014) (with Stefan Wolff), Routledge.<\/p>\n<p><a href=\"https:\/\/www.routledge.com\/The-European-Union-as-an-Actor-in-Security-Sector-Reform-Current-Practices\/Dursun-Ozkanca\/p\/book\/9780415717762\"><em>The European Union as an Actor in Security Sector Reform: Current Practices and Challenges of Implementation <\/em><\/a>(2014). Routledge.<\/p>\n<p>Guest Co-Editor of <em>Civil Wars<\/em> Special Issue, <em>Assessing Regional and International Organizations\u2019 Interventions in Civil Wars: Capabilities and Context<\/em> (with Stefan Wolff), <em>Civil Wars<\/em> 14(3), 2012.<\/p>\n<p>Guest Editor of <em>European Security<\/em> Special Issue, <em>The EU and Security Sector Reform Practices: Challenges of Implementation<\/em>, <em>European Security<\/em> 21(2), 2012.<\/p>\n<p><strong><u>Journal Articles and Book Chapters (Peer reviewed)<\/u><\/strong><\/p>\n<p><em>Forthcoming<\/em>. \u201cTwo-Dimensional Soft Balancing in Central Asia: Impact on Regional and Global Orders,\u201d <em>International Affairs<\/em>.<\/p>\n<p>\u201cForming Connections between Security Sector Reform and Sustainable Development: The Potential of the Human Security Paradigm\u201d (with Luka Glu\u0161ac), <em>Journal of Regional Security<\/em>, Volume 19, Issue 1, 2024, DOI: 10.5937\/jrs19-46819.<\/p>\n<p>\u201cThe Western Balkans and Prospects for the EU and NATO Accession,\u201d <em>Transatlantic Policy Quarterly<\/em>. Spring 2024. DOI: 10.58867\/QVMY1137.<\/p>\n<p>\u201cChanging Responses to a Frozen Conflict: The Republic of Cyprus Soft Balancing vis-\u00e0-vis Turkey,\u201d <em>International Political Science Review<\/em>, Volume 45, Issue 1, 2024, pp.15-30, <a href=\"https:\/\/doi.org\/10.1177\/01925121231177443\">https:\/\/doi.org\/10.1177\/01925121231177443<\/a>.<\/p>\n<p>\u201cTurkish Foreign Policy in the Balkans\u201d In\u00a0Binnur Ozkececi-Taner and Sinem Acikmese, Eds. 2023.\u00a0<em>One Hundred Years of Turkish Foreign Policy (1923-2023): Historical and Theoretical Reflections<\/em>.\u00a0Palgrave Macmillan.<\/p>\n<p>\u201cAn Examination of the Underlying Dynamics of Turkey-European Union Relations from the Lenses of IR Theory,\u201d <em>Turkish Studies<\/em>, published online on April 12, 2022.<\/p>\n<p class=\"p1\">\u201cTurkey-Greece Relations: Growing Tensions and Implications for Transatlantic Relations,\u201d <em>Georgetown Journal of International Affairs<\/em>, November 10, 2020.<\/p>\n<p>\u201cThe Western Balkans in the Transatlantic Security Context,\u201d <em>Insight Turkey<\/em>, Volume 21, Issue 2, Spring 2019.<\/p>\n<p>\u201cThe European Union Rule of Law Mission in Kosovo: An Analysis from the Local Perspective\u201d, <em>Ethnopolitics<\/em>, Volume 17, Issue 1, 2018.<\/p>\n<p>\u201cTurkish Soft Balancing against the EU?: An Analysis of the Prospects for Improved Transatlantic Security Relations\u201d article, <em>Foreign Policy Analysis<\/em>, Volume 13, Issue 4, 2017.<\/p>\n<p>\u201cPitfalls of Security Sector Reform in Costa Rica: Insights into Security Sector Reform in Non-Military Countries\u201d, <em>Peacebuilding<\/em>, Volume 5, Issue 3, 2017.<\/p>\n<p>\u201cThe Assembly-Line Model of Peacebuilding: Towards a Theory of International Collaboration in Multidimensional Peacebuilding Operations\u201d,\u00a0<em>International Journal of Peace Studies<\/em>, Volume 21, Number 2, 2016.<\/p>\n<p>\u201cTurkey and the European Union: Strategic Partners or Competitors in the Western Balkans?\u201d article, <em>Journal of Regional Security<\/em>, Volume 11, Issue 1, 2016.<\/p>\n<p>\u201cBritish Public Opinion and Mass-Elite Relations on EU Enlargement: Implications on the Democratic Deficit Debate\u201d, <em>CEU Political Science Journal<\/em>, Volume 9, No. 1-2, February-April 2014.<\/p>\n<p>\u201cFrench Public Opinion on the Eastern Enlargement of the European Union and the Public-Elite Relations\u201d, <em>French Politics<\/em>, Volume 11, Issue 3, September 2013.<\/p>\n<p>\u201cVeto Players Inside and Out: The Future of EU-NATO Security Relations as Explained in a Comparative Foreign Policy Analysis of French and Turkish Grand Strategies\u201d (with Colette Mazzucelli) in Laursen, F. (ed.) <em>The EU, Security and Transatlantic Relations<\/em>, Brussels: P.I.E. Peter Lang, 2012.<\/p>\n<p>\u201cRegional and International Conflict Regulation: Diplomatic, Economic, and Military Interventions\u201d (with Stefan Wolff), <em>Civil Wars<\/em>, Volume 14, Issue 3, September 2012.<\/p>\n<p>\u201cSecularism in Turkey,\u201d <em>Religion and Public Life<\/em>, Volume 38, June 2012.<\/p>\n<p>\u201cSecurity Sector Reform and Transitional Justice in Kosovo: Comparing the Kosovo Security Force and Police Reform Processes\u201d (with Katy Crossley-Frolick), <em>Journal of Intervention and Statebuilding<\/em>, Volume 6, Number 2, June 2012.<\/p>\n<p>\u201cThe European Union and Security Sector Reform: Current Practices and Challenges of Implementation\u201d (with Antoine Vandemoortele), <em>European Security<\/em>, Volume 21, Issue 2, 2012.<\/p>\n<p>\u201cSecurity Sector Reform in Kosovo: The Complex Division of Labor between the EU and Other Multilateral Institutions in Building Kosovo\u2019s Police Force\u201d (with Katy Crossley-Frolick), <em>European Security<\/em>, Volume 21, Issue 2, 2012.<\/p>\n<p>\u201cInternationalizing General Education at the Introductory Level: The First-Year Seminar on Political Self-Determination and Internet-Based Political Research\u201d (with E. Fletcher McClellan and Wayne Selcher), <em>Journal of Information Technology and Politics<\/em>, Volume 9, 2012.<\/p>\n<p>\u201cEuropean Union Enlargement and British Public Opinion: The Agenda-Setting Power of the Press,\u201d <em>Perspectives on European Politics and Society<\/em>, Volume 12, No. 2, June 2011.<\/p>\n<p>\u201cDoes it Take Four to Tango?: A Comparative Analysis of International Collaboration on Peacebuilding in Bosnia and Kosovo,\u201d <em>Journal of Balkan and Near Eastern Studies<\/em>, Volume 12, Number 4, December 2010.<\/p>\n<p>\u201cTurkey and the EU: Implications of Membership Scenarios on Transatlantic Security Relations,\u201d in Biscop, S. and J. Lembke, (eds.) <em>EU Enlargement and the Transatlantic Alliance: A Security Relationship in Flux<\/em>. Lynne Rienner Publishers, ISBN: 978-1-58826-578-4, 2008.<\/p>\n<p>\u201cPress Coverage and Public Opinion on European Union\u2019s Eastern Enlargement: A Case Study of Agenda Setting and Priming in Comparative Setting,\u201d in <em>Communication in the Millennium<\/em>, ISBN: 978-975-98560-2-1, 2007.<\/p>\n<p>\u201cIs the Transatlantic Alliance Sinking into the Abyss of the Atlantic?\u201d in <em>Johns Hopkins University Bologna Center Journal of International Affairs<\/em>, Volume 8, Spring 2005.<\/p>\n<p>\u201cTransatlantic Rift?: An Assessment of the Peacekeeping Policies of the United States and the EU,\u201d in Stivachtis, Y. A. (ed.) <em>International Governance and International Security: Issues and Perspectives<\/em>, ISBN: 960-88331-6-7, 2004.<\/p>\n<p><strong><u>Short Articles, Policy Papers, and Op-Ed Columns<\/u><\/strong><\/p>\n<p>\u201cIs the Atlantic Pact Sinking in the Deep Eastern Mediterranean?\u201d Policy Paper for Foreign Policy Research Institute and Heinrich B\u00f6ll Foundation, <em>forthcoming in November 2020<\/em>.<\/p>\n<p>\u201cUS-Turkey Relations: How to Avoid a Complete Breakdown?\u201d Policy Paper for ISTANPOL and Heinrich B\u00f6ll Foundation, February 2020.<\/p>\n<p>\u201cNATO\u2019s London Summit: Intra-alliance Opposition and Silver Linings,\u201d Blog Entry for FifteenEightyFour Blog of Cambridge University Press, February 10, 2020.<\/p>\n<p>\u201cThe Arab Spring: A Golden Opportunity for Security Sector Reform in MENA,\u201d Op-Ed Column in <em>In Depth<\/em> (University of Nicosia) Vol. 8, Issue 4, August 2011.<\/p>\n<p>\u201cTurkey-NATO Relations at a Crossroads,\u201d Op-Ed Column in <em>H<\/em><em>\u00fc<\/em><em>rriyet Daily News<\/em> (The oldest Turkish daily newspaper in English-language), 15 October 2010.<\/p>\n<p>\u201cInternational Law and the Position of Kosovo in Contemporary International Community,\u201d in <em>Juristi<\/em> (Law Faculty Journal), University of Prishtina, September 2010.<\/p>\n<p>\u201cTurkey\u2019s Neo-Ottomanism in the Balkans,\u201d Op-Ed in <em>Prishtina Insight<\/em> (a leading English-language newspaper in Kosovo), 3 September 2010.<\/p>\n<p>\u201cThe Strategic Triangle\u2019s Crisis Management,\u201d in <em>Atlantic-Community.org<\/em> (with Colette Mazzucelli), 30 August 2010.<\/p>\n<p>\u201cTurkey\u2019s \u2018Signature\u2019 Bridge: How the West can Enter an \u2018Alliance of\u00a0Civilizations\u2019,\u201d in <em>Enduring America <\/em>website (with Colette Mazzucelli and Laura Wicks), 10 August 2009.<\/p>\n<p>\u201cPeacekeeping and Human Rights,\u201d in <em>The United Nations and Partnerships for Peace <\/em>Workshop Report (2004) published by the United Nations Office at Geneva, Information Service, Press and External Relations Section.<\/p>\n<p>\u201cWill the US Policy on Iraq Lead to another Vietnam Syndrome?\u201d in <em>Referans Gazetesi<\/em> (a Turkish daily newspaper), Commentary Section, 18 November 2004.<\/p>\n<p><strong><u>Book Reviews<\/u><\/strong><\/p>\n<p>Book Review of Dimitris Bouris, <em>The European Union and Occupied Palestinian Territories: State-Building without a State<\/em>. <em>European Security<\/em>, Volume 24, Issue 1, March 2015.<\/p>\n<p>Review Essay of two books: \u00d6zlem Terzi, <em>The Influence of the European Union on Turkish Foreign Policy<\/em> and \u00c7i\u011fdem \u00dcst\u00fcn, <em>Turkey<\/em> <em>and<\/em> <em>European<\/em> <em>Security<\/em> <em>Defence<\/em> <em>Policy<\/em> in <em>European Security<\/em>, Volume 21, Issue 4, December 2012.<\/p>\n<p>Book Review of G\u00fclnur Aybet and Rebecca Moore (eds.) <em>NATO: In Search of a Vision<\/em> in <em>European Security<\/em>, Volume 20, Issue 2, June 2011.<\/p>\n<p>Book Review of Jacques Thomassen, (ed.) <em>The Legitimacy of the European Union after Enlargement<\/em> in <em>Journal of Common Market Studies<\/em>, Volume 48, Issue 3, June 2010.<\/p>\n<p>Book Review of Caroline A. Hartzell and Mathhew Hoddie\u2019s <em>Crafting Peace<\/em> in <em>Plumb Line<\/em>, Summer 2008.<\/p>\n<p><strong>WORKS IN PROGRESS<\/strong><\/p>\n<p><em>Regional Alliances and Rising Geostrategic Competition in the Eastern Mediterranean: Implications for Transatlantic Relations and Regional Peace<\/em> (Sabbatical book project at Harvard University)<\/p>\n<p><em>Manuscript under review<\/em>. \u201cChanging Responses to a Frozen Conflict: The Republic of Cyprus Soft Balancing vis-\u00e0-vis Turkey,\u201d <em>International Political Science Review<\/em>.<\/p>\n<p><em>Manuscript under review<\/em>. \u201cTurkish Foreign Policy in the Balkans\u201d (Chapter in an edited volume on Turkish Foreign Policy by Dr. Binnur Ozkececi-Taner and Dr. Sinem Acikmese).<\/p>\n<p>\u201cTurkey-Russia Relations: Is Strategic Partnership Feasible?\u201d (Article to be submitted to <em>International Security<\/em>)<\/p>\n<p>\u201cThe Last Window of Opportunity? The Prospects for the Resolution of the Cyprus Conflict\u201d (with Odysseas Christou) (Article to be submitted to <em>Security Dialogue<\/em>)<\/p>\n","protected":false},"excerpt":{"rendered":"<p>Books and Edited Volumes (Peer reviewed) T\u00fcrkiye\u2014Bat\u0131 \u0130li\u015fkileri: \u0130ttifak \u0130\u00e7i Muhalefet Politikalar\u0131. August 2023, Istanbul: Ko\u00e7 University Press (Turkish translation of Turkey\u2014West Relations). The Nexus Between Security Sector Reform\/Governance and Sustainable Development Goal-16: An Examination of Conceptual Linkages and Policy Recommendations. Geneva Centre for Security Sector Governance (DCAF) SSR Paper 20. DOI: https:\/\/doi.org\/10.5334\/bcm. 2021, London: &hellip; <a href=\"https:\/\/facultysites.etown.edu\/dursuno\/publications\/\"><span class=\"custom-more\">Continue reading &rarr;<\/span><\/a><\/p>\n","protected":false},"author":56,"featured_media":0,"parent":0,"menu_order":0,"comment_status":"closed","ping_status":"closed","template":"","meta":{"footnotes":""},"class_list":["post-113","page","type-page","status-publish","hentry"],"_links":{"self":[{"href":"https:\/\/facultysites.etown.edu\/dursuno\/wp-json\/wp\/v2\/pages\/113","targetHints":{"allow":["GET"]}}],"collection":[{"href":"https:\/\/facultysites.etown.edu\/dursuno\/wp-json\/wp\/v2\/pages"}],"about":[{"href":"https:\/\/facultysites.etown.edu\/dursuno\/wp-json\/wp\/v2\/types\/page"}],"author":[{"embeddable":true,"href":"https:\/\/facultysites.etown.edu\/dursuno\/wp-json\/wp\/v2\/users\/56"}],"replies":[{"embeddable":true,"href":"https:\/\/facultysites.etown.edu\/dursuno\/wp-json\/wp\/v2\/comments?post=113"}],"version-history":[{"count":5,"href":"https:\/\/facultysites.etown.edu\/dursuno\/wp-json\/wp\/v2\/pages\/113\/revisions"}],"predecessor-version":[{"id":296,"href":"https:\/\/facultysites.etown.edu\/dursuno\/wp-json\/wp\/v2\/pages\/113\/revisions\/296"}],"wp:attachment":[{"href":"https:\/\/facultysites.etown.edu\/dursuno\/wp-json\/wp\/v2\/media?parent=113"}],"curies":[{"name":"wp","href":"https:\/\/api.w.org\/{rel}","templated":true}]}}